0000 + 1100100101100010?
1100011001110010
In base 2, what is 111010011001110011101 - 1?
111010011001110011100
In base 3, what is -1000110020120 + 11?
-1000110020102
In base 13, what is 24a + -4c7607?
-4c738a
In base 6, what is 144000 - 2043?
141513
In base 13, what is -b557c - -9?
-b5573
In base 15, what is 5 + -d10cd7?
-d10cd2
In base 16, what is dd4 - 1eb1?
-10dd
In base 11, what is -26a - 1022a3?
-102562
In base 8, what is -153 + -1113130?
-1113303
In base 6, what is 1021 + -33315032?
-33314011
In base 9, what is 71232 - 1162?
70060
In base 7, what is 26 - 111250253?
-111250224
In base 15, what is 5a3760 + 7?
5a3767
In base 14, what is -6 + -1b8157?
-1b815d
In base 11, what is -388 - -218654?
218277
In base 16, what is -7251d3 + -4?
-7251d7
In base 9, what is 1422470 + -6?
1422463
In base 2, what is 1001010100111010110010100 - -10?
1001010100111010110010110
In base 6, what is 11 - 235155102?
-235155051
In base 11, what is 2 + 59a54?
59a56
In base 4, what is 233222113331 + 2?
233222113333
In base 2, what is -111000111 + 1000101100110110?
1000100101101111
In base 13, what is 3a006 + 543?
3a549
In base 10, what is -54 - -360547?
360493
In base 6, what is 5 + -103052152?
-103052143
In base 14, what is -374 - b6c?
-1102
In base 7, what is 5 - 1405344351?
-1405344343
In base 3, what is -20102 + -221002022221?
-221002120100
In base 4, what is 21210213100 - -321?
21210220021
In base 9, what is 1 - 18710134?
-18710133
In base 5, what is 102040 - -303110?
410200
In base 9, what is 11 - 118171853?
-118171842
In base 2, what is 1001011000101011100001 - -100?
1001011000101011100101
In base 2, what is -111 + 110011101001101001000101?
110011101001101000111110
In base 8, what is 100446763 - -3?
100446766
In base 3, what is 210202 - -122221100102?
122222011011
In base 9, what is 5 + 18240137?
18240143
In base 13, what is -3 - 87aa37?
-87aa3a
In base 8, what is -1206 + 23755?
22547
In base 6, what is 130355 - 131?
130224
In base 4, what is -1010021 + -111130?
-1121211
In base 13, what is -4 - 502311?
-502315
In base 2, what is -10 + -101111001001000000000101?
-101111001001000000000111
In base 16, what is 1 - b612f54?
-b612f53
In base 14, what is 85b1ddd - -5?
85b2004
In base 2, what is 1001000111110101000 - -100011010011?
1001001100001111011
In base 14, what is dc6a - 356?
d914
In base 10, what is -483917 + -98?
-484015
In base 15, what is 716a563 + -9?
716a559
In base 13, what is -c841785 - 2?
-c841787
In base 6, what is 104250400443 + 4?
104250400451
In base 4, what is -1300 - -1012222012?
1012220112
In base 12, what is -101377 + -40?
-1013b7
In base 3, what is -21 - 10111211000222?
-10111211001020
In base 9, what is -20767 + -81417?
-112285
In base 7, what is 3122313036 + 0?
3122313036
In base 4, what is 31310 - -101223231?
101321201
In base 6, what is 1344244155 + -5?
1344244150
In base 11, what is -a + 48a80a1?
48a8092
In base 4, what is -102110 - 1233010?
-2001120
In base 9, what is 54708 + -77?
54621
In base 15, what is 6ad - b8085?
-b78c7
In base 15, what is 1c4b + -6a6a?
-4d1e
In base 15, what is -247 - 3e3a6?
-3e5ed
In base 13, what is 34b1b42 + 4?
34b1b46
In base 15, what is 29 - ba56?
-ba2c
In base 15, what is -5 - 744079?
-74407e
In base 4, what is 131333210310 - -20?
131333210330
In base 15, what is -20d5 + 34a?
-1c8a
In base 13, what is -14 - 1297346?
-129735a
In base 14, what is -48 - 1095b?
-109a5
In base 11, what is -175 + 1494004?
149393a
In base 10, what is -1 - -40220097?
40220096
In base 14, what is 4c4 - -83130?
83614
In base 13, what is 46238 - -180?
463b8
In base 9, what is -6 - 4274553?
-4274560
In base 2, what is 1111 - 10000000010111111111?
-10000000010111110000
In base 12, what is -4653 + -a8?
-473b
In base 16, what is 5 - -bee39?
bee3e
In base 11, what is -186461 + 184?
-186288
In base 11, what is 127 + 17609aa?
1761026
In base 3, what is 11111212 + -1200111?
2211101
In base 2, what is 10000010001110 + 100000110?
10000110010100
In base 13, what is -143a + -5b9b?
-7308
In base 7, what is -105100 - 13421?
-121521
In base 9, what is -15667 - 1880?
-17657
In base 6, what is 111 - -25521431?
25521542
In base 4, what is -103031110 + 313?
-103030131
In base 12, what is -387444bab - 5?
-387444bb4
In base 8, what is -1162 - 105106?
-106270
In base 7, what is 10132624 - 0?
10132624
In base 12, what is -293 + -a587?
-a85a
In base 2, what is -11 + 1000000010100000010101101111?
1000000010100000010101101100
In base 8, what is 1306 - -4654?
6162
In base 9, what is 5170832 - -45?
5170877
In base 13, what is -27 - 13240?
-13267
In base 12, what is -3067 + 551b8?
52151
In base 14, what is 11 - -59239?
5924a
In base 6, what is -23432312 - 110?
-23432422
In base 3, what is -1 - -102010100001201020?
102010100001201012
In base 13, what is 1 - 51933b0?
-51933ac
In base 11, what is -1861 + -968?
-2719
In base 15, what is -6 + 48765a5?
487659e
In base 2, what is -100 + -1000010000011000000100?
-1000010000011000001000
In base 3, what is -1000121210120100111 + 12?
-1000121210120100022
In base 12, what is -1a081047 + -2?
-1a081049
In base 3, what is 11111120 + -1020012000?
-1001200110
In base 13, what is -157858 + -8?
-157863
In base 2, what is -1110011011 - -100101011001?
10110111110
In base 10, what is 440071 - -2?
440073
In base 15, what is -186 - 47884?
-47a1a
In base 4, what is -112 + -323000230031?
-323000230203
In base 7, what is 2 - -1330406224?
1330406226
In base 15, what is 4 - 42d973?
-42d96e
In base 13, what is -2672 + 627?
-2048
In base 14, what is 5 + 6c85c3?
6c85c8
In base 5, what is -33000 - -12224323?
12141323
In base 13, what is 5 - 128886c0?
-128886b8
In base 9, what is -2 - -273563514?
273563512
In base 8, what is 36 - -5033?
5071
In base 6, what is 4 + 44225351421?
44225351425
In base 13, what is -6351bc2 - -8?
-6351bb7
In base 10, what is 4 - -18345090?
18345094
In base 8, what is 3 - -11447552?
11447555
In base 12, what is -b552b7a + 29?
-b552b51
In base 4, what is -121 - -10031333100?
10031332313
In base 3, what is 11201002220 + 1122010?
11202202000
In base 12, what is 16 - 2a4512?
-2a44b8
In base 11, what is 12150671 - 0?
12150671
In base 8, what is 1 - 322642576?
-322642575
In base 4, what is 211323101031213 + 2?
211323101031221
In base 15, what is 3 + -1392d906?
-1392d903
In base 5, what is -340102 - 31412?
-422014
In base 15, what is -1ac02e + -b?
-1ac03a
In base 8, what is -3266201 - 27?
-3266230
In base 14, what is 3642 - -496?
3ad8
In base 2, what is -111001 + -1100110011010111?
-1100110100010000
In base 11, what is -222579 + -14?
-222592
In base 12, what is -49040a - 4?
-490412
In base 12, what is -177a + 2686?
b08
In base 7, what is 166225 - -15004?
214232
In base 5, what is 24 - -14032310330?
14032310404
In base 16, what is -1f255 - -f9?
-1f15c
In base 13, what is b51751 - 46?
b51708
In base 12, what is -7624 + -2a?
-7652
In base 5, what is -21042044312 - -221?
-21042044041
In base 9, what is -4 - -87384764?
87384760
In base 15, what is 192e00 + 139?
193039
In base 10, what is -30 - 511472?
-511502
In base 16, what is -365 - 3243d?
-327a2
In base 7, what is -2 + -45262031?
-45262033
In base 5, what is 22242011332 - -3?
22242011340
In base 13, what is 3076ac + -34?
307678
In base 13, what is -304c5 - c8?
-305c0
In base 14, what is 15c4812 - 14?
15c47dc
In base 14, what is -540217 + -1?
-540218
In base 8, what is 6142 - -206244?
214406
In base 14, what is -6b2ac - 2b?
-6b2d9
In base 9, what is -22 - -7076272?
7076250
In base 11, what is -2641a + -121a?
-27639
In base 2, what is 1110100111011000 - 1010000111?
1110011101010001
In base 11, what is -91635 + -69?
-916a3
In base 13, what is 615b4ab - -3?
615b4b1
In base 2, what is 111111000010001101 - 1011110101?
111110110110011000
In base 4, what is 100011 - -1302232?
2002303
In base 14, what is -147510 - 9b?
-1475ab
In base 2, what is -111011001010011100011000 + -100?
-111011001010011100011100
In base 8, what is 65106710 + 3?
65106713
In base 6, what is 1554234135 + -4?
1554234131
In base 10, what is 131620352 - 8?
131620344
In base 7, what is 4561 - -221263?
226154
In base 13, what is 14bb723 + 2?
14bb725
In base 7, what is 10 + 6102125?
6102135
In base 4, what is 11000 - -233313213?
233330213
In base 9, what is -4 + 115644345?
115644341
In base 4, what is 231021011011 - 3